a(p) = -6*p - 45. What is a(-7)?
-3
Let z(m) = -m**3 - 4*m**2 + 7*m + 10. Determine z(-5).
0
Let t(u) = 9*u**3 + u**2 - 2*u + 1. What is t(1)?
9
Let s(m) = m**2 - 6*m - 1. What is s(7)?
6
Let w(x) = -x**3 + 21*x**2 + 17*x + 107. Calculate w(22).
-3
Let d(o) = 23*o + 20. Give d(6).
158
Let q(y) = -y**3 - y**2 - 2*y + 5. Give q(0).
5
Let v(w) = 4*w + 99. Calculate v(-26).
-5
Let t(n) = -n**3 + 7*n**2 - 5*n - 1. What is t(4)?
27
Let v(y) = -y**3 - 4*y**2 + 13*y - 1. What is v(-6)?
-7
Let c(s) = -4*s + 3. What is c(4)?
-13
Let f(v) = v**3 - 10*v**2 + 24*v + 8. Give f(7).
29
Let o(z) = 2*z**3 + 29*z**2 + 15*z - 7. Give o(-14).
-21
Let c(y) = y**3 - 15*y**2 + 12*y + 30. Calculate c(14).
2
Let r(g) = -13*g - 167. Give r(-13).
2
Let w(i) = 7*i - 4. Give w(2).
10
Let q(f) = 2*f**2 + 50*f - 118. Determine q(-27).
-10
Let i(o) = -3*o**2 + 48*o - 37. Calculate i(15).
8
Let n(m) = -4*m + 90. Determine n(20).
10
Let j(g) = -g**3 + 5*g**2 + 2*g + 6. What is j(5)?
16
Let x(b) = b**2 + 5*b - 12. What is x(-10)?
38
Let q(p) = -2*p + 51. Determine q(46).
-41
Let n(o) = -40*o - 63. Give n(-2).
17
Let d(k) = 542*k + 2166. Calculate d(-4).
-2
Let y(j) = 5*j + 5. Determine y(7).
40
Let i(w) = -2*w**2 - 27*w - 49. Calculate i(-11).
6
Let r(y) = -y**3 + 9*y**2 - 8*y - 4. Calculate r(8).
-4
Let p(v) = 11*v - 15. What is p(4)?
29
Let h(n) = -2*n - 6. What is h(-7)?
8
Let n(j) = j**3 + 5*j**2 - 5*j - 2. Determine n(2).
16
Let m(c) = c**3 - 12*c**2 + 10*c + 14. Calculate m(11).
3
Let p(o) = o**3 - 9*o**2 + 17*o + 12. Determine p(6).
6
Let f(o) = -21*o + 80. Give f(4).
-4
Let n(l) = -l**2 + 7*l + 95. Calculate n(-6).
17
Let b(h) = h**2 + 7*h - 5. Determine b(7).
93
Let p(o) = -o**2 + 21*o - 19. Calculate p(20).
1
Let g(w) = -4*w + 13. Give g(2).
5
Let g(c) = -c**3 + 11*c**2 + 13*c - 153. What is g(11)?
-10
Let o(k) = -2*k**3 + 3*k**2 - 2*k - 4. Calculate o(3).
-37
Let a(u) = -u**2 - 16*u - 25. Calculate a(-12).
23
Let o(y) = -16*y + 11. Determine o(1).
-5
Let j(p) = 2*p + 8. What is j(-3)?
2
Let g(c) = c**3 + 11*c**2 + 16*c - 5. Calculate g(-9).
13
Let p(g) = -g**3 - 10*g**2 - 5*g + 1. Calculate p(-9).
-35
Let b(m) = -2*m**2 - 2*m - 5. Determine b(-4).
-29
Let x(a) = -a + 13. What is x(12)?
1
Let p(n) = -n**3 - 6*n**2 + 7. Give p(-3).
-20
Let j(h) = h**2 - 13*h + 7. Give j(12).
-5
Let r(t) = -t**2 - 7*t + 11. Give r(-7).
11
Let z(p) = p**3 + 5*p**2 - 8*p - 4. Calculate z(-6).
8
Let b(h) = -h**3 - 9*h**2 + h - 22. What is b(-9)?
-31
Let c(s) = s**3 + 5*s**2 - 2*s - 1. Calculate c(-5).
9
Let z(a) = 4*a**2 - 4. Determine z(-1).
0
Let q(a) = a**3 + 6*a**2 - 4*a + 10. Calculate q(-7).
-11
Let u(c) = c**3 - 14*c**2 + 32*c + 19. Determine u(11).
8
Let l(g) = 51*g**3 - g**2 - g + 1. What is l(1)?
50
Let j(b) = 137*b**3 - b**2 + b. What is j(-1)?
-139
Let v(i) = i**3 + 10*i**2 + 68. Determine v(-11).
-53
Let c(o) = -54*o + 554. Give c(10).
14
Let u(y) = -2*y**2 - 4*y - 9. Give u(-2).
-9
Let a(u) = -67*u**2 - 3*u + 2. Give a(1).
-68
Let m(b) = -b**3 + 9*b**2 + 8*b + 9. Determine m(10).
-11
Let t(n) = n**2 - 32*n + 111. What is t(29)?
24
Let p(x) = 3*x**2 - 3*x + 1. What is p(5)?
61
Let m(k) = k + 2. Give m(9).
11
Let s(f) = -2*f**3 + 8*f + 6. Calculate s(-2).
6
Let c(m) = -23*m + 159. What is c(7)?
-2
Let a(q) = -q**2 + 5*q + 15. Calculate a(7).
1
Let t(l) = -l**2 + 18*l - 7. Calculate t(14).
49
Let n(u) = -3*u + 84. Determine n(31).
-9
Let j(t) = -3*t**2 - 7*t - 7. Determine j(-6).
-73
Let i(c) = c**3 + 2*c**2 - 3*c - 3. Give i(-2).
3
Let r(d) = -4*d + 3. Calculate r(-3).
15
Let t(p) = 8*p - 7. Give t(2).
9
Let g(v) = -2*v**3 + 4*v + 1. Determine g(-3).
43
Let k(a) = -a**2 + 7*a - 6. What is k(9)?
-24
Let d(y) = y**3 + 7*y**2 + 5*y - 1. Calculate d(-6).
5
Let s(i) = -38*i**3 + 3*i**2 - 2*i - 1. Calculate s(1).
-38
Let d(r) = 2*r**2 + 35*r + 83. Give d(-12).
-49
Let d(k) = -k**2 + 32*k - 9. What is d(32)?
-9
Let q(t) = -t - 3. Give q(-2).
-1
Let b(m) = -22*m - 12. Calculate b(1).
-34
Let g(q) = -q**3 - 8*q**2 + 13*q - 26. What is g(-9)?
-62
Let q(m) = m - 3. What is q(7)?
4
Let w(y) = -5*y + 3. What is w(1)?
-2
Let p(q) = 22*q**2 + 2*q + 1. Determine p(-1).
21
Let m(i) = i**3 - 2*i - 1. What is m(-2)?
-5
Let n(c) = 50*c**3 - 2*c**2 - 4*c - 2. Calculate n(-1).
-50
Let r(k) = 68*k. Give r(-1).
-68
Let w(o) = -13*o + 176. Calculate w(13).
7
Let h(r) = -r**2 + 3*r - 4. Calculate h(-3).
-22
Let u(n) = -n**2 + 12*n - 25. What is u(10)?
-5
Let j(n) = n**2 - n - 5. Calculate j(-6).
37
Let p(c) = c**3 - 20*c**2 - c + 17. Give p(20).
-3
Let n(c) = -3*c**2 + 2*c + 1. What is n(2)?
-7
Let h(o) = 10*o**2 + 2*o + 2. Calculate h(-1).
10
Let u(b) = 28*b + 3. Give u(3).
87
Let w(c) = 2*c**3 + 32*c**2 - 32*c + 38. Determine w(-17).
4
Let x(f) = -f**2 - 66*f + 276. What is x(4)?
-4
Let l(n) = -4*n**2 - 7*n + 10. Determine l(-4).
-26
Let a(z) = z**3 + 14*z**2 + 11*z + 11. Calculate a(-13).
37
Let f(x) = 7*x + 65. Give f(-9).
2
Let l(o) = 3*o - 1. What is l(16)?
47
Let o(n) = n**3 - 3*n**2 - 20*n + 28. Calculate o(6).
16
Let p(f) = -f**3 + 2*f**2 - 3*f - 1. Calculate p(3).
-19
Let b(o) = -o**3 - 3*o**2 + o - 7. Give b(-3).
-10
Let v(j) = -3*j - 1. Give v(-3).
8
Let r(d) = d**2 + 3*d - 4. What is r(5)?
36
Let a(x) = 8*x - 119. Give a(15).
1
Let a(z) = -11*z + 175. What is a(16)?
-1
Let g(h) = -h + 1. What is g(7)?
-6
Let i(c) = -c**3 - 9*c**2 - 7*c + 20. Give i(-8).
12
Let w(c) = -22*c - 38. Give w(-2).
6
Let v(l) = -l**3 - 15*l**2 - 18*l - 7. Calculate v(-14).
49
Let f(x) = -x**3 - 12*x**2 + 17*x - 28. Calculate f(-13).
-80
Let b(a) = a**3 + 6*a**2 + 7*a. Determine b(-3).
6
Let s(c) = c**3 + 31*c**2 + c + 66. Calculate s(-31).
35
Let v(q) = -q**2 - 20*q - 26. Calculate v(-18).
10
Let w(u) = u**3 - 6*u**2 + 5*u - 1. Calculate w(4).
-13
Let p(z) = -2*z**2 - z. Give p(-4).
-28
Let i(c) = -c**3 + 6*c**2 - 3*c + 1. Calculate i(4).
21
Let m(u) = -u**2 - 17*u + 7. What is m(-15)?
37
Let j(x) = -55*x - 165. Calculate j(-3).
0
Let z(a) = a**3 + 5*a**2 + 15*a + 27. Determine z(-3).
0
Let h(d) = 18*d - 277. What is h(15)?
-7
Let k(i) = i**3 - 13*i**2 - i + 5. Give k(13).
-8
Let v(x) = -x**2 + 9*x - 14. Calculate v(8).
-6
Let m(b) = b**3 - 2*b**2 - 4*b + 18. What is m(3)?
15
Let f(n) = -n**3 + n - 20. What is f(0)?
-20
Let l(c) = 2*c + 4. What is l(0)?
4
Let c(f) = -f**3 - 14*f**2 - 48*f - 21. Determine c(-9).
6
Let h(r) = 5*r + 1. Determine h(3).
16
Let f(m) = m**3 - 9*m**2 - 10*m + 6. Calculate f(10).
6
Let p(d) = d**2 - 6*d + 4. What is p(5)?
-1
Let c(t) = 13*t - 3. What is c(-3)?
-42
Let t(r) = r + 28. Calculate t(-17).
11
Let d(k) = -5*k. Give d(-6).
30
Let s(n) = n + 3. Calculate s(-4).
-1
Let h(m) = 2*m - 70. Calculate h(31).
-8
Let i(g) = -3*g**3 - 11*g**2 + 3*g + 2. What is i(-4)?
6
Let l(h) = h + 4. Calculate l(-8).
-4
Let z(c) = 5*c - 43. What is z(6)?
-13
Let r(d) = 20*d - 943. Give r(47).
-3
Let p(v) = v**2 - 4*v + 2. Calculate p(5).
7
Let w(b) = -b**2 - 9*b - 1. What is w(0)?
-1
Let o(y) = -65*y + 1. What is o(-1)?
66
Let w(x) = -x**2 - 9*x - 47. Calculate w(-5).
-27
Let r(o) = o**2 - 10*o + 9. What is r(7)?
-12
Let m(p) = p**3 + 2*p**2 - 4*p + 2. What is m(2)?
10
Let c(o) = -3*o**2 + 34*o - 16. Calculate c(11).
-5
Let z(p) = -33*p - 11. What is z(3)?
-110
Let a(w) = w**2 + 18*w + 14. Give a(-12).
-58
Let y(q) = 14*q**3 + 3*q**2 + 3*q - 1. What is y(-2)?
-107
Let m(p) = -p - 1. Give m(1).
-2
Let y(p) = 5*p + 38. Calculate y(-10).
-12
Let v(c) = -8*c**2 - 2*c + 3. Give v(2).
-33
Let l(x) = -9*x - 77. What is l(-9)?
4
Let z(v) = v**3 - 8*v**2 + 8*v - 4. What is z(7)?
3
Let r(y) = -y**2 - 27*y + 43. Determine r(-20).
183
Let p(w) = 2*w**3 + 13*w**2 - 7*w - 8. What is p(-6)?
70
Let z(y) = y**2 - 5*y + 3. Calculate z(6).
9
Let l(t) = -20*t - 49. Give l(-3).
11
Let y(z) = -z**2 - 12*z + 75. Determine y(-16).
11
Let t(p) = -3*p - 50. Give t(-21).
13
Let y(m) = -3*m - 18. Determine y(-7).
3
Let z(v) = -v**3 + 13*v - 16. Determine z(5).
-76
Let d(t) = 2*t**2 + 12*t + 10. Calculate d(-2).
-6
Let y(l) = -l**2 - 11*l - 26. Determine y(-5).
4
Let k(m) = m**3 - 10*m**2 + 8*m + 1. Determine k(8).
-63
Let m(v) = 17*v + 71. Calculate m(-4).
3
Let l(b) = 4*b + 25. Calculate l(-6).
1
Let s(y) = -6*y + 21. Give s(5).
-9
Let g(y) = -3*y + 55. Give g(-30).
145
Let n(f) = -f**3 + 7*f**2 - 10*f + 6. What is n(4)?
14
Let